late the highest common factor of 74 and 58312.
74
Calculate the highest common factor of 246776 and 13952.
872
Calculate the greatest common factor of 645 and 72595.
5
What is the greatest common divisor of 6233 and 5589?
23
Calculate the greatest common factor of 2160 and 80568.
216
Calculate the highest common factor of 190872 and 66.
66
Calculate the highest common divisor of 37291 and 801.
89
What is the highest common divisor of 2272576 and 16?
16
Calculate the highest common factor of 456925 and 700.
175
What is the highest common divisor of 803 and 232793?
11
Calculate the highest common divisor of 82 and 59081.
41
Calculate the greatest common factor of 1647 and 8784.
549
Calculate the highest common divisor of 5 and 16248.
1
Calculate the greatest common divisor of 5978999 and 39.
13
Calculate the highest common divisor of 288 and 1442592.
288
What is the greatest common divisor of 882 and 878178?
294
Calculate the greatest common factor of 12935 and 27859.
13
Calculate the highest common factor of 1710 and 14478.
114
What is the highest common divisor of 887779 and 107?
107
What is the greatest common factor of 9368660 and 7?
7
What is the highest common factor of 636 and 12879?
159
Calculate the highest common divisor of 2022840 and 4320.
1080
What is the highest common divisor of 4658 and 102306?
34
What is the highest common factor of 2998 and 1084?
2
Calculate the highest common divisor of 1200324 and 3864.
276
Calculate the greatest common factor of 42 and 2082.
6
Calculate the highest common factor of 117 and 154053.
9
Calculate the greatest common factor of 5782 and 531.
59
What is the greatest common divisor of 8873 and 2?
1
What is the greatest common factor of 508 and 101219?
127
Calculate the greatest common factor of 5 and 25565.
5
What is the greatest common divisor of 27346 and 25312?
226
What is the highest common factor of 307293 and 56?
7
What is the highest common factor of 2124 and 674724?
708
What is the greatest common factor of 1188 and 1639?
11
Calculate the greatest common factor of 15048 and 2970099.
1881
What is the greatest common factor of 561 and 69?
3
Calculate the highest common divisor of 786 and 7734.
6
What is the highest common factor of 11 and 82338?
1
What is the greatest common divisor of 2781 and 10152?
27
Calculate the highest common factor of 147 and 12231.
3
What is the highest common factor of 894 and 692403?
447
What is the highest common divisor of 90925 and 80?
5
Calculate the highest common factor of 40299 and 3633.
21
Calculate the highest common divisor of 105246 and 918.
54
What is the greatest common divisor of 55815 and 15?
15
Calculate the highest common factor of 6264 and 37512.
72
Calculate the greatest common factor of 7223 and 2330.
233
What is the highest common divisor of 15 and 1359140?
5
What is the highest common divisor of 3423 and 280?
7
Calculate the highest common divisor of 1106 and 406.
14
What is the highest common factor of 47750 and 1820?
10
What is the highest common divisor of 56722 and 5056?
158
What is the greatest common factor of 11803 and 32560?
407
What is the greatest common divisor of 77084 and 23?
1
Calculate the greatest common divisor of 767 and 48793.
59
What is the highest common divisor of 1212324 and 24?
12
Calculate the greatest common divisor of 972 and 180.
36
What is the highest common factor of 299616 and 480?
96
What is the greatest common factor of 9460 and 10750?
430
What is the greatest common factor of 1794 and 160494?
138
Calculate the greatest common factor of 2616 and 6360.
24
Calculate the greatest common factor of 58466 and 92.
46
Calculate the greatest common divisor of 7777 and 616.
77
Calculate the greatest common factor of 1640 and 160.
40
Calculate the highest common factor of 151448 and 979.
11
What is the greatest common divisor of 2204620 and 19360?
2420
What is the greatest common factor of 7770 and 18795?
105
Calculate the greatest common factor of 298 and 256429.
149
What is the greatest common factor of 3632 and 4496?
16
Calculate the highest common factor of 235198 and 46.
46
What is the highest common factor of 970 and 4480?
10
Calculate the greatest common divisor of 360 and 43320.
120
What is the greatest common factor of 191895 and 2574?
33
What is the greatest common divisor of 265 and 42815?
5
Calculate the greatest common divisor of 6945 and 210.
15
What is the highest common factor of 15348 and 48?
12
Calculate the greatest common divisor of 36915 and 9.
3
What is the highest common factor of 5115 and 14260?
155
Calculate the highest common factor of 848 and 2862.
106
What is the highest common factor of 30 and 314645?
5
Calculate the greatest common divisor of 5180 and 224.
28
Calculate the highest common factor of 120 and 21810.
30
Calculate the greatest common factor of 11871 and 153.
9
Calculate the highest common factor of 317812 and 64108.
1364
Calculate the highest common divisor of 1379 and 497.
7
Calculate the greatest common divisor of 41977 and 26.
13
What is the greatest common factor of 12 and 1219038?
6
What is the greatest common factor of 9819373 and 831?
277
What is the greatest common divisor of 11213738 and 74?
74
What is the highest common factor of 112 and 54971?
7
What is the highest common factor of 26441 and 15344?
137
Calculate the greatest common divisor of 88803 and 594.
297
Calculate the greatest common divisor of 3544 and 12184.
8
What is the greatest common factor of 88705 and 2260?
565
Calculate the highest common factor of 2652 and 36516.
204
Calculate the greatest common factor of 361056 and 192.
96
What is the highest common divisor of 34 and 14?
2
Calculate the highest common factor of 551 and 13623.
19
Calculate the highest common factor of 1192170 and 588.
294
Calculate the greatest common divisor of 6112 and 20.
4
What is the greatest common divisor of 1417 and 18639?
109
What is the greatest common factor of 1700 and 3500?
100
Calculate the highest common divisor of 837 and 7347.
93
Calculate the greatest common divisor of 9727 and 33157.
71
What is the highest common divisor of 32844 and 168?
84
What is the highest common divisor of 365445 and 135?
135
Calculate the greatest common factor of 171 and 284373.
171
Calculate the highest common factor of 19 and 1351907.
19
What is the greatest common factor of 35 and 86695?
35
What is the greatest common factor of 112 and 10318?
14
What is the highest common divisor of 1104 and 1752?
24
Calculate the greatest common factor of 76544 and 221.
13
Calculate the greatest common factor of 191080 and 2529.
281
Calculate the greatest common factor of 54466 and 2034.
226
Calculate the highest common factor of 5964 and 1428.
84
What is the greatest common divisor of 46287 and 1946?
139
What is the greatest common divisor of 192 and 5324736?
192
What is the highest common factor of 13158 and 510?
102
Calculate the greatest common divisor of 30163 and 14.
7
Calculate the highest common divisor of 48515 and 620.
155
Calculate the greatest common divisor of 42712 and 456.
152
What is the highest common divisor of 881746 and 82?
82
Calculate the highest common divisor of 1704687 and 118.
59
Calculate the greatest common divisor of 393710 and 15.
5
Calculate the greatest common factor of 960 and 11340.
60
Calculate the highest common divisor of 55854 and 12267.
261
Calculate the greatest common divisor of 21 and 5572.
7
Calculate the highest common factor of 93 and 417.
3
What is the greatest common divisor of 67893 and 3477?
183
What is the highest common divisor of 3990 and 938?
14
Calculate the highest common divisor of 10110 and 200.
10
Calculate the highest common factor of 893 and 90953.
19
Calculate the greatest common factor of 434 and 1526378.
434
Calculate the highest common divisor of 133496 and 15416.
328
What is the greatest common divisor of 45113 and 788?
197
What is the greatest common divisor of 33 and 13650?
3
Calculate the highest common divisor of 222 and 1554222.
222
What is the highest common divisor of 32 and 602384?
16
Calculate the highest common factor of 54 and 35658.
18
What is the highest common divisor of 554428 and 28?
28
What is the highest common factor of 98 and 1479898?
98
Calculate the greatest common 